30aa25 (base 12) to base 3
1102212201102
Convert -47206c (base 14) to base 10.
-2425792
What is 2923846 (base 11) in base 10?
5026874
1015024 (base 7) to base 2
11101101110110111
What is 1223545 (base 12) in base 14?
67cb9b
Convert 5e7e3 (base 16) to base 3.
201122220221
-776193 (base 10) to base 2
-10111101100000000001
What is -425654 (base 8) in base 4?
-202232230
168882 (base 10) to base 15
3508c
Convert -11575552 (base 8) to base 2.
-1001101111101101101010
677b7c (base 13) to base 11
141aa91
1001311202 (base 4) to base 2
1000001110101100010
136dd (base 14) to base 5
3014034
What is 10000010001110100011111 (base 2) in base 15?
5945b5
Convert 44004 (base 7) to base 16.
2ae4
What is -532566 (base 8) in base 9?
-300461
What is 24412513 (base 6) in base 9?
1417260
What is 4635065 (base 7) in base 5?
122033103
-1217608 (base 9) to base 14
-133201
1010011101001001001001 (base 2) to base 8
12351111
-97b6b (base 12) to base 5
-22403022
What is -2232240133 (base 5) in base 8?
-22733176
What is 10100100111110101 (base 2) in base 10?
84469
1001101100101000001 (base 2) to base 14
83b33
-10010100100001001 (base 2) to base 15
-177e6
What is 22000200012 (base 3) in base 12?
774ab
Convert -113000 (base 15) to base 10.
-820125
2416023 (base 7) to base 12
1297b6
a57781 (base 12) to base 16
27c091
3628793 (base 10) to base 7
42562400
Convert -3a621 (base 11) to base 10.
-57982
1110001011000110111 (base 2) to base 13
133521
Convert 60327 (base 9) to base 7.
223360
-12211122202 (base 3) to base 13
-4040c
What is 6700a (base 12) in base 13?
4a1a9
-103313010 (base 4) to base 6
-1424340
What is -14712746 (base 8) in base 16?
-3395e6
What is -8ac6d (base 14) in base 3?
-122010120112
What is 15120054 (base 7) in base 10?
1433436
728d (base 16) to base 3
1111020010
What is -10222120212 (base 3) in base 15?
-1838b
110100111101011101 (base 2) to base 15
4441a
215563b (base 12) to base 5
3110142111
-1241432300 (base 6) to base 15
-1442690
What is 5274357 (base 10) in base 5?
2322234412
4c36b3 (base 16) to base 7
60311631
What is -5240334 (base 6) in base 13?
-8b8a9
Convert 48371 (base 10) to base 11.
33384
Convert -37537 (base 9) to base 15.
-771a
-25020 (base 10) to base 7
-132642
What is 18a367 (base 15) in base 10?
1198897
What is 301056 (base 9) in base 15?
37abc
-1ce192 (base 15) to base 8
-5312527
What is -5344065 (base 7) in base 13?
-199941
What is -108c2 (base 16) in base 8?
-204302
What is 2005054 (base 6) in base 4?
113003122
135721 (base 10) to base 6
2524201
Convert -77800 (base 10) to base 15.
-180ba
185766 (base 9) to base 14
302c1
Convert 220010210002 (base 3) to base 14.
c5232
Convert 778089 (base 12) to base 10.
1900905
Convert 1011010100101111010001 (base 2) to base 10.
2968529
10243103042 (base 5) to base 3
202112021101122
-6147624 (base 9) to base 2
-1100100000101010111110
-123223011033 (base 4) to base 8
-33530517
-167150 (base 8) to base 15
-1313c
What is 1243111 (base 6) in base 15?
1528d
Convert -1a90479 (base 12) to base 15.
-76c79c
What is 974a60 (base 14) in base 5?
2302403343
Convert -15380901 (base 10) to base 2.
-111010101011000110100101
What is 4174108 (base 9) in base 14?
422093
What is 101141134 (base 5) in base 14?
aa23a
What is -4210221222 (base 5) in base 12?
-2aa6a8a
Convert -130025 (base 11) to base 14.
-549cd
What is 430320112 (base 5) in base 9?
3354418
-101010111100101010 (base 2) to base 8
-527452
-356540 (base 9) to base 3
-101220121100
-515100 (base 14) to base 9
-5137507
What is 11001111101011011111000 (base 2) in base 14?
c92088
2103211230 (base 4) to base 5
123321044
Convert 14015273 (base 9) to base 15.
91a1cc
What is 154000534 (base 6) in base 5?
1314003442
15264611 (base 7) to base 5
333231412
-10201212101 (base 3) to base 12
-36677
1788fd (base 16) to base 12
624711
Convert 12326110 (base 7) to base 8.
4204022
-110101111000010111001 (base 2) to base 5
-422444221
Convert -1414004133 (base 5) to base 14.
-6b2917
4746432 (base 8) to base 14
25acc2
-3044444 (base 6) to base 9
-242471
-370542 (base 11) to base 7
-4661206
What is -11001100111010110100 (base 2) in base 10?
-839348
-2316881 (base 9) to base 8
-4614545
-404031240 (base 5) to base 9
-3048825
Convert 53b17 (base 14) to base 6.
4201241
111000100010001001 (base 2) to base 14
60561
21103321 (base 4) to base 2
1001010011111001
Convert -34423054 (base 6) to base 9.
-1886137
What is -469a8 (base 13) in base 8?
-374075
9dea (base 16) to base 3
2001110021
What is 2817185 (base 9) in base 2?
101111001101101011000
Convert 11011010011111100 (base 2) to base 13.
3bbc3
-858153 (base 15) to base 14
-bb6192
5aa3 (base 16) to base 10
23203
Convert 2157222 (base 10) to base 3.
11001121011010
What is -1341013 (base 6) in base 2?
-10010011010000001
What is 2706c (base 14) in base 2?
10111011110001000
What is 2226bc3 (base 13) in base 5?
10134443101
Convert 10120000022 (base 4) to base 7.
12514463
What is 180ce1 (base 15) in base 4?
10130332312
What is -184786 (base 10) in base 12?
-8ab2a
What is -10101010 (base 3) in base 13?
-1173
What is 374825 (base 10) in base 3?
201001011102
3780516 (base 12) to base 14
162c0b8
What is -41304 (base 9) in base 3?
-1101100011
Convert 100101212 (base 3) to base 14.
26d8
-45432 (base 10) to base 11
-31152
What is -61d474 (base 14) in base 2?
-1100100110001000011110
-2235124 (base 7) to base 11
-17a874
-55d4d (base 15) to base 9
-455431
What is -27176535 (base 8) in base 5?
-3030003143
What is 2632563 (base 9) in base 8?
5372073
What is -10111010111010010010101 (base 2) in base 14?
-b56061
Convert -8820770 (base 9) to base 12.
-1705860
What is -51995 (base 15) in base 7?
-2125061
Convert -2942374 (base 11) to base 16.
-4d1f2b
-6701a (base 15) to base 16
-4fee8
What is -100000013 (base 4) in base 8?
-200007
What is -13231101100 (base 4) in base 12?
-815294
-41173 (base 16) to base 14
-6d239
What is 51552 (base 15) in base 7?
2122214
123884 (base 9) to base 14
1d510
What is 550162 (base 9) in base 12?
139b0b
-1302311000 (base 4) to base 8
-1626500
Convert 347424 (base 13) to base 3.
2100012201210
369319 (base 12) to base 9
1601553
10111011000000001001 (base 2) to base 3
1102220200221
Convert -53466 (base 9) to base 12.
-18580
Convert -1444440 (base 7) to base 5.
-22233302
Convert -5316422 (base 8) to base 5.
-330311331
Convert -5530111 (base 6) to base 8.
-1033173
Convert 66346654 (base 7) to base 5.
2430201233
Convert b96e (base 16) to base 8.
134556
-394026 (base 11) to base 9
-1144763
Convert 5162143 (base 8) to base 5.
322303222
-1b819 (base 15) to base 16
-15de6
-c465 (base 15) to base 6
-520035
28a394 (base 11) to base 6
13413130
What is -889a7 (base 14) in base 8?
-1206667
What is -43130040 (base 5) in base 10?
-364395
What is -1682772 (base 9) in base 6?
-32053145
Convert 23478c (base 13) to base 2.
11001100101011010100
-a76eb (base 15) to base 13
-157b86
Convert 94bb3 (base 15) to base 13.
13696b
Convert -251012440 (base 6) to base 13.
-cc426c
-5208a4 (base 12) to base 7
-13636630
-745a (base 14) to base 4
-10321220
Convert 60400560 (base 7) to base 2.
10011000110110110000101
What is 110400314 (base 5) in base 10?
481334
10000234 (base 6) to base 9
466114
1321314 (base 7) to base 14
4727b
What is -1000101110111100111 (base 2) in base 14?
-76419
Convert 88134b (base 12) to base 2.
1000001111000010101011
What is -3312132023 (base 4) in base 13?
-294686
Convert 1d039 (base 14) to base 8.
220633
Convert d1d09 (base 16) to base 10.
859401
102021122122001 (base 3) to base 11
3426280
6626146 (base 7) to base 2
11000110101001101111
What is -10033033012 (base 4) in base 6?
-35451234
-56bd86 (base 16) to base 3
-101200210211021
What is 104045 (base 8) in base 10?
34853
What is -51a66 (base 11) in base 7?
-434021
-c051f (base 16) to base 11
-498930
What is -3b833 (base 13) in base 12?
-54464
113003144 (base 7) to base 9
14051158
What is -8483638 (base 9) in base 4?
-101111013020
Convert -33776 (base 12) to base 9.
-113850
Convert 44134 (base 7) to base 14.
4054
-36c3c8 (base 13) to base 7
-14103614
Convert 133030021310 (base 4) to base 15.
ab78ce
What is -321441203 (base 6) in base 7?
-66203316
Convert 1136437 (base 8) to base 5.
34414214
-13120203310 (base 4) to base 3
-10122100011001
Convert -21110020022 (base 3) to base 12.
-70a8b
-53400356 (ba